 z**3/3 + 3*z**2 + z. What is the remainder when 52 is divided by b(-6)?
16
Suppose 75 = 6*k - 15. What is the remainder when 57 is divided by k?
12
Suppose 6 - 27 = -3*r. Let g(x) = 6*x. What is the remainder when g(r) is divided by 11?
9
Let o(u) = -4*u + 2*u + 5*u - u - 6 + 2*u**2. What is the remainder when o(-4) is divided by 10?
8
Suppose 47 + 13 = 5*f. Let k(v) = v**2 + 8*v - 29. What is the remainder when k(-14) is divided by 2 + 0 + 1*f?
13
Suppose -37 - 27 = -2*a - 5*r, 5*a - 131 = 2*r. Suppose 31 = 2*v - a. What is the remainder when v is divided by 11?
7
Let w(f) = 2*f + 1. Let b be w(-5). Let t = 54 + b. What is the remainder when t is divided by 12?
9
Suppose 0 = 2*j - 9 - 3. Suppose 2*y - g - 2 + j = 0, -8 = -2*g. Suppose y*i = -5*i + 130. What is the remainder when i is divided by 14?
12
Suppose 0*d = -2*d + 70. Let r = d + -24. What is the remainder when 32 is divided by r?
10
Suppose 110 = 5*f - 165. Suppose 3*u + 52 = 3*y + 4*u, -4*y + 61 = 3*u. What is the remainder when f is divided by y?
17
Let a be (-2)/6 + (-26)/(-6). Suppose 41 + 3 = a*r. What is the remainder when 30 is divided by r?
8
Suppose -f = -2*r + 70, -r - 5*f = -4*f - 29. What is the remainder when r is divided by 9?
6
Suppose 0 = -5*k + 21 + 104. What is the remainder when k is divided by 10?
5
Let h(u) = -3*u - 4. Let z(s) = s**2 - s + 7. What is the remainder when z(7) is divided by h(-7)?
15
Let s(f) be the first derivative of f**3/3 + 3*f**2/2 + 9*f - 5. Let k be s(-7). Suppose -3*o + k = -23. Calculate the remainder when o is divided by 11.
9
Let h(g) = 2*g**2 + 7*g + 4. Calculate the remainder when 47 is divided by h(-4).
7
Suppose 0 = -q - 0 + 1. Calculate the remainder when 20 is divided by 14 - 3 - (q + 3).
6
Let c(t) = -2*t**3 + 2*t**2 + 0*t**3 + 3*t - 3 + t**3 + 0. Let u be c(2). Suppose u*j = -0*j + 78. What is the remainder when j is divided by 9?
8
Calculate the remainder when 15 is divided by 2/(-7) + (-120)/(-28).
3
Let a = -6 - -13. Suppose 3*o + v = 11 + 46, 0 = 3*o + 2*v - 57. Calculate the remainder when o is divided by a.
5
Let c = -6 + 37. Suppose 2*s = 4*d - 9 - 29, 2*d + 2*s = 28. What is the remainder when c is divided by d?
9
Calculate the remainder when 48/14*((-231)/(-2))/11 is divided by 19.
17
Let g(f) = -24*f**3 + f**2 + f. Let k be g(-1). Let i = k - 11. Calculate the remainder when 25 is divided by i.
12
Let o(d) = 4*d + 1. Let n be o(1). Let s be (-20)/8*(-4)/n. Calculate the remainder when (4 + 9)/(s/4) is divided by 14.
12
Suppose -21 - 23 = -4*d. Suppose -d = -w - 0*w. What is the remainder when 31 is divided by w?
9
Calculate the remainder when (2*-1)/((-2)/7) is divided by (-3)/(6*2/(-16)).
3
Suppose 2*k + 3*d - 2 = 0, 5*k + 0*d - 16 = -2*d. Calculate the remainder when k is divided by 1.
0
Suppose -i = 2*y + 4*i - 71, 3*y + 4*i - 117 = 0. Calculate the remainder when y is divided by 31/3 - 2/(-3).
10
Calculate the remainder when 33 is divided by 14/91 + 89/13.
5
Let z(v) = v**2 - v - 2. Calculate the remainder when z(-7) is divided by 28.
26
Suppose -g + 18 + 20 = 0. Calculate the remainder when g is divided by 8.
6
Let t = 32 + -7. What is the remainder when 48 is divided by t?
23
Suppose 0 = 4*o + 8, 52 = 3*z + o - 0*o. What is the remainder when z is divided by (6/(-4) - 2)*-2?
4
Suppose -11*r = -6*r - 20. Calculate the remainder when r is divided by 3.
1
Suppose 2*q = 2*m - 18, -5*m + 3*q + q + 43 = 0. Let w(c) = -c**2 + 10*c + 2. What is the remainder when w(m) is divided by (-4)/14 + (-58)/(-7)?
7
Let r = 30 - 16. What is the remainder when 69 is divided by r?
13
Let f(b) = b + 21. Suppose 0*d = -d. What is the remainder when f(d) is divided by 11?
10
Let t = -114 - -163. Let c(u) = 18*u**3 - 2*u**2 + 2*u - 1. What is the remainder when t is divided by c(1)?
15
Suppose 0 = 4*o - 20, 2*n + 4*o - 100 = -3*n. Suppose 2*x - 7 = 5. What is the remainder when n is divided by x?
4
Let x(l) = 0*l + 2*l + 3*l - 8*l + 8 + l**2. Suppose 5*s - 40 = j - 6*j, j + 4*s = 5. What is the remainder when x(6) is divided by j?
8
Suppose -5*i - 35 = -3*x, 4*i = -10 - 6. Suppose h = 1 + 3, -4*a = x*h - 224. Calculate the remainder when a is divided by 18.
15
Let y(z) = -z**3 + 2*z + 1. Let g(n) = n - 9. Let k be g(7). What is the remainder when 19 is divided by y(k)?
4
Let i(x) = -x**2 + 4*x + 7. Let s be i(5). Suppose 5*b - 155 = 2*f + 2*f, -s*f + 71 = 3*b. Calculate the remainder when b is divided by 7.
6
Let q(a) = -a**2 - 9*a + 5. Let j be 3 + 2/(-2) - 5. Calculate the remainder when 3/(j/(-14)) + 0 is divided by q(-9).
4
Let a = 32 + -19. Let g = a + 37. Suppose n - g = -n. What is the remainder when n is divided by 9?
7
Calculate the remainder when 39/3 + 3 + -3 is divided by 7.
6
Suppose 3*n + 1 = -2. What is the remainder when 23 is divided by ((-60)/(-35))/(n/(-7))?
11
Suppose w + 10 = 2*w. What is the remainder when 37 is divided by w?
7
Let k(o) = o**2 - 7*o + 5. Let b(d) = 6*d - 13. Let a be b(9). Let p = a - 17. Calculate the remainder when p is divided by k(8).
11
Let v = 2 - -1. What is the remainder when 5 is divided by v?
2
Let k = -34 + 60. Let o be 16/12*1*3. Suppose o*w + 86 = 5*s, -4*s - s + 58 = 3*w. What is the remainder when k is divided by s?
12
Let z(s) = 3*s - 7. Calculate the remainder when z(7) is divided by 5.
4
Let t be 2/3*(0 + 3). Let d(b) = 3*b - b + 0*b. What is the remainder when 11 is divided by d(t)?
3
Let c be (1 + 0)*(-1 + 0). Let r be 1/(3/(-12)*c). Calculate the remainder when 48/r + -1 + 0 is divided by 4.
3
Let z(o) = -3*o - 1. Let d(j) = j + 6. Let l be d(-8). Calculate the remainder when 9 is divided by z(l).
4
Let j(z) = -5*z - 7. Let v be j(-5). Let r be 0 - (-1)/(-2)*v. What is the remainder when 26 is divided by 42/r*(-3)/2?
5
Suppose 2*j + 0*j = 44. Let x = 45 - 20. Suppose -23 = -4*w + x. Calculate the remainder when j is divided by w.
10
Let j(v) = -v**2 + 6*v + 3. Let p be j(7). What is the remainder when 36 is divided by (-19)/(-4)*-1*p?
17
Suppose -3*q - y + 16 = 0, -5*y = q - 4 - 6. What is the remainder when 6 is divided by q?
1
Suppose 3*w = 3*x - 5*x + 81, 3*x - 4*w = 147. What is the remainder when x is divided by 16?
13
Let t(i) = -i**3 - 7*i**2 + 9*i + 17. Let c = -19 + 54. What is the remainder when c is divided by t(-8)?
8
Let g(c) = -2*c**2 + 0*c**2 + 2 - 2*c**3 - 2*c + 4*c. Let j be g(-2). Let y(s) = s**3 - 7*s**2 + 6*s + 5. Calculate the remainder when 8 is divided by y(j).
3
Let x = 84 - 75. Calculate the remainder when 51 is divided by x.
6
Let i(y) = 0 - 8*y - 4 - 4 - y**2. Let f be i(-6). Suppose 15 = f*n - n. Calculate the remainder when 7 is divided by n.
2
Let i(j) = j - 4. Let d be i(6). Suppose n - 36 = -d*n. What is the remainder when 17 is divided by (-3 - (3 + -3)) + n?
8
Let a be 5*1*(-1 - -2). Suppose a*c + 0*c = 10. Calculate the remainder when 2 is divided by c.
0
Let f(c) = c + 20. Let j be f(-11). Let m = 15 - j. Suppose 4*r + 10 = m*r. What is the remainder when r is divided by 2?
1
Let v(t) = 27*t - 3. Calculate the remainder when v(2) is divided by 13.
12
Let k = 61 + -2. Calculate the remainder when k is divided by 20.
19
Let y = 5 - 9. What is the remainder when 23 is divided by ((-2)/y)/((-3)/(-72))?
11
Let y be (-28)/(-21)*57/2. Suppose -3*m + 6*c + y = 2*c, 0 = 3*m + c - 28. Calculate the remainder when 19 is divided by m.
9
Let v = 67 + -48. What is the remainder when 74 is divided by v?
17
Suppose 4 = 8*y - 36. Calculate the remainder when 8 is divided by y.
3
Suppose -5 = -5*w, -3*t + 33 = -5*w + 2. Suppose 0*a = a - 4. Suppose h + 75 = 2*z + 6*h, a = 4*h. What is the remainder when z is divided by t?
11
Let v(b) = 2*b**2 - 8*b + 3. Let o(r) = -5*r**2 + 23*r - 8. Let j(z) = -3*o(z) - 8*v(z). Calculate the remainder when 7 is divided by j(-4).
3
Let q(n) = -8*n + 9. Calculate the remainder when q(-11) is divided by 11.
9
Let d(q) = -q**3 + 6*q**2 + 2*q - 7. Let s be d(6). Suppose 2*v - 2 + s = x, 3*v = -4*x + 56. Calculate the remainder when 21 is divided by x.
10
Suppose 0 = 4*t + 5*i - 41, -2*i = -t + 2*i - 16. Suppose 3*d + 54 = 5*a - 0*a, -5*a - t*d = -68. Calculate the remainder when 47 is divided by a.
11
Calculate the remainder when 13 is divided by (-98)/(-21) - (-2)/6.
3
Let b be (-26)/(-2) + (1 - 0). Suppose -98 = -5*o - 4*h, 